0305876?
3
What is the millions digit of 55954324?
5
What is the hundreds digit of 30348619?
6
What is the tens digit of 78577760?
6
What is the thousands digit of 34536500?
6
What is the millions digit of 14780834?
4
What is the ten millions digit of 22734723?
2
What is the ten thousands digit of 3356365463?
6
What is the hundred millions digit of 152307218?
1
What is the units digit of 2345484445?
5
What is the hundreds digit of 1945385?
3
What is the billions digit of 3600527145?
3
What is the ten thousands digit of 506928135?
2
What is the tens digit of 1649031?
3
What is the units digit of 250190666?
6
What is the ten thousands digit of 308758437?
5
What is the thousands digit of 14401863?
1
What is the hundred millions digit of 320550434?
3
What is the ten millions digit of 3939433099?
3
What is the units digit of 15767927?
7
What is the tens digit of 638164677?
7
What is the thousands digit of 253973099?
3
What is the ten thousands digit of 408028976?
2
What is the units digit of 38691301?
1
What is the ten thousands digit of 2370378676?
7
What is the ten thousands digit of 36126168?
2
What is the ten thousands digit of 1482212881?
1
What is the tens digit of 1710680?
8
What is the millions digit of 11179395?
1
What is the millions digit of 35882324?
5
What is the thousands digit of 24318559?
8
What is the ten thousands digit of 161929800?
2
What is the hundreds digit of 931819904?
9
What is the ten millions digit of 482459097?
8
What is the hundreds digit of 1777361744?
7
What is the ten millions digit of 228563342?
2
What is the hundred millions digit of 114383398?
1
What is the ten thousands digit of 679816955?
1
What is the hundred thousands digit of 898909867?
9
What is the ten millions digit of 3254956966?
5
What is the hundreds digit of 380149578?
5
What is the millions digit of 669714036?
9
What is the ten thousands digit of 3113804482?
0
What is the millions digit of 897392380?
7
What is the millions digit of 179438594?
9
What is the ten thousands digit of 16020484?
2
What is the tens digit of 847774341?
4
What is the thousands digit of 3531451642?
1
What is the units digit of 237257297?
7
What is the hundred millions digit of 670853827?
6
What is the ten thousands digit of 64605164?
0
What is the millions digit of 184779204?
4
What is the thousands digit of 49766015?
6
What is the thousands digit of 23202944?
2
What is the thousands digit of 1666238272?
8
What is the tens digit of 182085477?
7
What is the hundred millions digit of 373562610?
3
What is the millions digit of 5107606404?
7
What is the units digit of 67076195?
5
What is the thousands digit of 1534364616?
4
What is the tens digit of 324383850?
5
What is the ten millions digit of 21273553?
2
What is the hundreds digit of 69841447?
4
What is the billions digit of 1482593658?
1
What is the millions digit of 123653080?
3
What is the units digit of 1960976597?
7
What is the hundreds digit of 65798654?
6
What is the hundreds digit of 32233925?
9
What is the thousands digit of 4138069081?
9
What is the ten thousands digit of 8135561?
3
What is the thousands digit of 347745590?
5
What is the hundred thousands digit of 61176671?
1
What is the ten millions digit of 1199661027?
9
What is the ten thousands digit of 8276796?
7
What is the billions digit of 2641278191?
2
What is the millions digit of 546909072?
6
What is the tens digit of 1448682025?
2
What is the millions digit of 188358967?
8
What is the ten millions digit of 344444801?
4
What is the hundreds digit of 201239416?
4
What is the hundreds digit of 15923962?
9
What is the tens digit of 28330016?
1
What is the hundred millions digit of 310905086?
3
What is the units digit of 16281307?
7
What is the thousands digit of 169587803?
7
What is the units digit of 745243877?
7
What is the ten millions digit of 2438928213?
3
What is the thousands digit of 79241973?
1
What is the ten millions digit of 18645245?
1
What is the thousands digit of 57745225?
5
What is the hundred thousands digit of 38958959?
9
What is the hundred thousands digit of 52295448?
2
What is the hundred thousands digit of 615616309?
6
What is the ten millions digit of 1278782615?
7
What is the thousands digit of 64747591?
7
What is the ten thousands digit of 1785447266?
4
What is the thousands digit of 10708550?
8
What is the units digit of 1009575250?
0
What is the tens digit of 878400357?
5
What is the millions digit of 298250513?
8
What is the tens digit of 6334556?
5
What is the hundred thousands digit of 1088701309?
7
What is the units digit of 1629797279?
9
What is the thousands digit of 4735976?
5
What is the hundred thousands digit of 86951846?
9
What is the millions digit of 6309189269?
9
What is the hundred thousands digit of 2767241130?
2
What is the millions digit of 1500434694?
0
What is the ten thousands digit of 137921015?
2
What is the millions digit of 1714488565?
4
What is the hundred thousands digit of 4521979119?
9
What is the ten millions digit of 46894087?
4
What is the hundreds digit of 1644528226?
2
What is the ten thousands digit of 2151801?
5
What is the hundreds digit of 1164361475?
4
What is the hundreds digit of 165903163?
1
What is the hundred thousands digit of 621829255?
8
What is the hundreds digit of 25214210?
2
What is the hundred millions digit of 373252994?
3
What is the hundred thousands digit of 2798315395?
3
What is the thousands digit of 18136842?
6
What is the thousands digit of 397102466?
2
What is the thousands digit of 615516677?
6
What is the hundred millions digit of 1297746292?
2
What is the ten thousands digit of 2924750156?
5
What is the units digit of 745429544?
4
What is the hundred thousands digit of 662255064?
2
What is the hundreds digit of 219496762?
7
What is the tens digit of 63510177?
7
What is the millions digit of 227704573?
7
What is the tens digit of 268625416?
1
What is the hundred millions digit of 126531656?
1
What is the hundred thousands digit of 29726706?
7
What is the units digit of 81986813?
3
What is the hundreds digit of 1725835148?
1
What is the hundreds digit of 29769529?
5
What is the millions digit of 879092451?
9
What is the tens digit of 19096203?
0
What is the hundred thousands digit of 7457089208?
0
What is the hundreds digit of 1900070911?
9
What is the hundred thousands digit of 1303012093?
0
What is the units digit of 578327815?
5
What is the units digit of 325935452?
2
What is the ten thousands digit of 103436139?
3
What is the tens digit of 168765080?
8
What is the hundreds digit of 3256137466?
4
What is the hundred thousands digit of 997330967?
3
What is the thousands digit of 60994046?
4
What is the hundreds digit of 30733318?
3
What is the hundreds digit of 430629542?
5
What is the units digit of 180981184?
4
What is the thousands digit of 447924341?
4
What is the units digit of 300942530?
0
What is the hundred thousands digit of 2560701672?
7
What is the ten thousands digit of 7287666?
8
What is the tens digit of 53785571?
7
What is the ten millions digit of 165243116?
6
What is the billions digit of 2536031893?
2
What is the tens digit of 22972038?
3
What is the ten thousands digit of 49706218?
0
What is the thousands digit of 3401297552?
7
What is the hundred thousands digit of 499249775?
2
What is the ten millions digit of 339260191?
3
What is the thousands digit of 190555414?
5
What is the tens digit of 43453642?
4
What is the tens digit of 52364758?
5
What is the hundreds digit of 154422781?
7
What is the ten millions digit of 76068705?
7
What is the thousands digit of 335766001?
6
What is the ten thousands digit of 180801926?
0
What is the thousands digit of 125094395?
4
What is the tens digit of 434211893?
9
What is the hundred thousands digit of 123241977?
2
What is the billions digit of 5053978469?
5
What is the units digit of 48641400?
0
What is the units digit of 3396608253?
3
What is the ten thousands digit of 8051043964?
4
What is the units digit of 2361748442?
2
What is the ten millions digit of 230171655?
3
What is the ten thousands digit of 584596570?
9
What is the ten millions digit of 811560014?
1
What is the hundreds digit of 425288528?
5
What is the hundred millions digit of 591101601?
5
What is the units digit of 3666527496?
6
What is the h